vided by 1865?
1793
What is the remainder when 608866 is divided by 5959?
1048
What is the remainder when 455645 is divided by 2476?
61
What is the remainder when 3377802 is divided by 84?
78
Calculate the remainder when 93991 is divided by 14629.
6217
Calculate the remainder when 86202232 is divided by 912.
904
Calculate the remainder when 57466 is divided by 1361.
304
What is the remainder when 81178 is divided by 3126?
3028
What is the remainder when 483202377 is divided by 30?
27
Calculate the remainder when 305917279 is divided by 32.
31
Calculate the remainder when 36266 is divided by 9063.
14
What is the remainder when 666808 is divided by 95237?
149
Calculate the remainder when 15965957 is divided by 942.
941
Calculate the remainder when 1046419 is divided by 49818.
241
Calculate the remainder when 89235 is divided by 28184.
4683
What is the remainder when 384397 is divided by 1344?
13
What is the remainder when 8242212 is divided by 5373?
30
What is the remainder when 105987 is divided by 3629?
746
Calculate the remainder when 1085524 is divided by 2312.
1196
Calculate the remainder when 23963879 is divided by 77.
16
Calculate the remainder when 7674349 is divided by 73.
5
Calculate the remainder when 314368 is divided by 5070.
28
Calculate the remainder when 223373 is divided by 46.
43
What is the remainder when 387698 is divided by 3765?
3668
Calculate the remainder when 21266987 is divided by 1359.
1355
What is the remainder when 851285 is divided by 135?
110
What is the remainder when 383884 is divided by 15995?
4
What is the remainder when 535330 is divided by 535226?
104
What is the remainder when 4381923 is divided by 1460512?
387
What is the remainder when 298476 is divided by 298431?
45
Calculate the remainder when 33714 is divided by 6213.
2649
Calculate the remainder when 22223 is divided by 309.
284
What is the remainder when 29237 is divided by 2932?
2849
What is the remainder when 655960 is divided by 16816?
136
Calculate the remainder when 80701 is divided by 2603.
8
What is the remainder when 83521 is divided by 412?
297
What is the remainder when 119186125 is divided by 151?
13
What is the remainder when 32609825 is divided by 7292?
1
What is the remainder when 1047419849 is divided by 25?
24
Calculate the remainder when 5654127 is divided by 2826836.
455
What is the remainder when 144957938 is divided by 21?
20
What is the remainder when 19822885 is divided by 112630?
5
What is the remainder when 31911106 is divided by 1877121?
49
What is the remainder when 821536 is divided by 35?
16
What is the remainder when 127688134 is divided by 2933?
2912
What is the remainder when 2945631 is divided by 1472757?
117
Calculate the remainder when 7015 is divided by 6712.
303
Calculate the remainder when 928244 is divided by 928234.
10
What is the remainder when 289653 is divided by 288801?
852
Calculate the remainder when 60162994 is divided by 3538998.
28
Calculate the remainder when 3943824 is divided by 563394.
66
What is the remainder when 1290452 is divided by 258090?
2
What is the remainder when 1502252 is divided by 8299?
133
Calculate the remainder when 60623 is divided by 1149.
875
Calculate the remainder when 1146723 is divided by 573206.
311
Calculate the remainder when 28921 is divided by 14386.
149
What is the remainder when 69880 is divided by 205?
180
What is the remainder when 14630567 is divided by 1097?
975
Calculate the remainder when 494502 is divided by 496.
486
Calculate the remainder when 4341319 is divided by 971.
949
Calculate the remainder when 354338 is divided by 176877.
584
Calculate the remainder when 15596286 is divided by 55.
46
What is the remainder when 2568116 is divided by 45?
11
What is the remainder when 38272 is divided by 38241?
31
What is the remainder when 97326 is divided by 48661?
4
What is the remainder when 96838 is divided by 30392?
5662
What is the remainder when 47346 is divided by 23502?
342
What is the remainder when 50370097 is divided by 319?
316
What is the remainder when 31319549 is divided by 176?
173
What is the remainder when 8336987 is divided by 53?
34
Calculate the remainder when 4805771 is divided by 587.
2
Calculate the remainder when 910453 is divided by 142.
91
Calculate the remainder when 11985865 is divided by 5468.
9
Calculate the remainder when 13912 is divided by 6466.
980
What is the remainder when 3606312 is divided by 450785?
32
Calculate the remainder when 3504552 is divided by 76173.
594
What is the remainder when 53072 is divided by 17253?
1313
What is the remainder when 4427767 is divided by 12?
7
Calculate the remainder when 630401 is divided by 2014.
19
Calculate the remainder when 17813 is divided by 826.
467
Calculate the remainder when 219677212 is divided by 1091.
1089
Calculate the remainder when 2041391 is divided by 2793.
2501
Calculate the remainder when 607984 is divided by 1737.
34
What is the remainder when 23415534 is divided by 5853880?
14
What is the remainder when 8712145 is divided by 31?
29
Calculate the remainder when 24422553 is divided by 23.
3
Calculate the remainder when 37403 is divided by 1443.
1328
Calculate the remainder when 1889916 is divided by 329.
140
What is the remainder when 2003208 is divided by 55644?
24
What is the remainder when 342747 is divided by 684?
63
What is the remainder when 33022 is divided by 1214?
244
What is the remainder when 11296029 is divided by 201?
30
Calculate the remainder when 336240624 is divided by 133.
132
Calculate the remainder when 5697706 is divided by 813954.
28
What is the remainder when 11340955 is divided by 785?
60
What is the remainder when 55852 is divided by 1596?
1588
Calculate the remainder when 1383638 is divided by 1199.
1191
Calculate the remainder when 253849 is divided by 4230.
49
What is the remainder when 83650 is divided by 575?
275
Calculate the remainder when 188238 is divided by 23500.
238
Calculate the remainder when 1441631 is divided by 7.
2
What is the remainder when 30729 is divided by 5834?
1559
What is the remainder when 2828263 is divided by 235688?
7
Calculate the remainder when 278599 is divided by 733.
59
Calculate the remainder when 82575796 is divided by 3.
1
What is the remainder when 54441648 is divided by 74?
70
What is the remainder when 41295538 is divided by 842766?
4
Calculate the remainder when 6889406 is divided by 98.
6
What is the remainder when 66046 is divided by 97?
86
What is the remainder when 4858297 is divided by 1900?
1897
What is the remainder when 313188 is divided by 348?
336
What is the remainder when 1310012433 is divided by 799?
797
Calculate the remainder when 71873 is divided by 71732.
141
Calculate the remainder when 188810 is divided by 62732.
614
What is the remainder when 3811617 is divided by 3811609?
8
Calculate the remainder when 21517043 is divided by 178.
47
What is the remainder when 114021232 is divided by 1379?
1375
What is the remainder when 382649 is divided by 1084?
1081
What is the remainder when 3610537 is divided by 1526?
21
What is the remainder when 168963 is divided by 242?
47
What is the remainder when 288486 is divided by 2425?
2336
What is the remainder when 9751739 is divided by 91?
88
Calculate the remainder when 235429155 is divided by 59.
39
Calculate the remainder when 261547 is divided by 2421.
79
What is the remainder when 79212369 is divided by 1892?
5
What is the remainder when 171474 is divided by 275?
149
What is the remainder when 3039955 is divided by 1940?
1915
What is the remainder when 145314 is divided by 641?
448
Calculate the remainder when 6402474 is divided by 711384.
18
Calculate the remainder when 198385 is divided by 310.
295
Calculate the remainder when 356240 is divided by 353.
63
Calculate the remainder when 48907 is divided by 3679.
1080
Calculate the remainder when 2693143 is divided by 673281.
19
Calculate the remainder when 13356088 is divided by 9419.
9365
What is the remainder when 47420931 is divided by 52?
51
Calculate the remainder when 113580877 is divided by 56.
53
What is the remainder when 3489510 is divided by 28370?
0
What is the remainder when 824178 is divided by 519?
6
What is the remainder when 198061073 is divided by 666?
665
What is the remainder whe